246 + 240. Let b(n) = n**3 + 11*n**2 + 29*n + 17. Let x be b(o). Let r be -2*1/(-2)*207. Calculate the greatest common factor of x and r.
23
Let b be (-2)/(-3)*594/44. Let r be (-2)/(-3) + 1218/b. Suppose -4*p + 36 = -32. Calculate the highest common divisor of p and r.
17
Let t be (0 - -1) + 492/3. Let l be (3 + 9/(-2))/((-20)/9760). Let m = l + -717. What is the highest common factor of t and m?
15
Suppose 5*h - 31*n = -32*n + 851, -4*n - 871 = -5*h. What is the greatest common factor of 969 and h?
57
Suppose -6*v + 11*v - 775 = 0. Calculate the greatest common factor of v and 775.
155
Let d(r) = -13*r. Let y be d(-5). Let f(l) = -l**3 - 29*l**2 - 25*l + 227. Let p be f(-28). Calculate the highest common factor of p and y.
13
Suppose 3*m = -608*v + 609*v + 267, 0 = -m - 3*v + 79. What is the highest common divisor of 1980 and m?
44
Suppose -14203 = -19*w + 18382. Let a be 6/15 + w/25. What is the highest common factor of a and 46?
23
Let i(f) = 9*f - 1. Let l be i(1). Let z be (-1853)/(-68) - (-6)/l. Calculate the highest common factor of z and 140.
28
Suppose -2*f - 23 = -4*s - f, -3*s + 20 = 2*f. Let c(k) = -2*k**2 + 17*k - 8. Let o be c(s). Let y = -30 - -63. Calculate the highest common factor of o and y.
11
Suppose -5*q = l - 20532, -10*l + 12*l - 41064 = -9*q. Calculate the greatest common divisor of 87 and l.
87
Let z = -2 - -5. Suppose -y - 3*f = -2*y + 171, -3*y = -z*f - 531. Let o(p) = 282*p + 609. Let u be o(-2). Calculate the greatest common divisor of u and y.
45
Let i be (-8 + 21/35 - 4)*-365. Calculate the greatest common factor of 657 and i.
219
Let u = -40 - -25. Let x be (-3)/(u/20) + -1. Suppose 2*j + x*j + y = 756, j = 3*y + 164. Calculate the highest common factor of 19 and j.
19
Let f = -16 - -16. Suppose f = -10*k - 6*k + 256. Let t(i) = -20*i - 16. Let l be t(-8). What is the highest common factor of k and l?
16
Let u be -1*(-2 + (0 - 1)). Let a = 519 - 516. Suppose -63 = -f - 9*w + 5*w, a*f - 168 = -5*w. Calculate the greatest common factor of f and u.
3
Let g = -721 + 1987. Calculate the highest common divisor of g and 54.
6
Let s = 532 + -513. Let n be 2/8 + (-122)/8. Let w = n + s. Calculate the highest common divisor of w and 44.
4
Let p be ((-129)/129)/((-6)/(-21) - 24729/86527). Calculate the greatest common factor of 94 and p.
47
Let s be (-10)/(-45) - ((-70)/9 - -5). Suppose 4 = -3*q + 67. What is the highest common factor of s and q?
3
Suppose 0 = -2*q - 2*r + 6, 0 = -3*q - r - r + 9. Suppose 3*i - 96 = -144. Let s = i + 19. Calculate the highest common factor of q and s.
3
Suppose 0 = 41*j - 43*j + 20. Calculate the highest common divisor of j and 6870.
10
Suppose 1476948 = 347*o - 13*o. Calculate the greatest common divisor of o and 132.
66
Suppose 8*q + 5*p = 6*q + 582, -3*q = 2*p - 873. Calculate the highest common divisor of 6014 and q.
97
Let o be (-1)/(-4) + (-6 - (-465)/12). Suppose -o = -p + 2*w, 4*p - 15*w - 142 = -17*w. Calculate the highest common divisor of 7 and p.
7
Let n(w) = -w + 4. Let r = -12 + 19. Let j be n(r). Let l be -2 - j - 1/((-1)/10). Calculate the highest common divisor of 55 and l.
11
Let s be 68128/12 + ((-1)/4 - 117/108). Calculate the greatest common factor of 12 and s.
12
Let c(w) = -w + 13. Let t be c(9). Suppose -t*b = -3*b - 7. Suppose 0 = b*d - 4*d - 54. Calculate the highest common factor of 27 and d.
9
Suppose 24*q + 4200 = 36610 + 43454. Calculate the greatest common factor of q and 327.
109
Suppose -69 = -22*v + 79*v - 240. Calculate the highest common factor of 190 and v.
1
Let h = 202 - 190. Let a(f) = f**2 - 5*f - 33. Let z be a(h). Calculate the highest common divisor of 102 and z.
51
Let c = -6 + 9. Suppose -6*r = -5*r + 4, c*j - 620 = 5*r. Let x be 30/((-1035)/60 - -18). What is the highest common divisor of x and j?
40
Let l be 1 - (-3)/2*104/6. Suppose 0 = -2*q + 4*n, 2*q + 2*q = 4*n + 4. Suppose -q*h = 5*h - 21. What is the highest common divisor of l and h?
3
Suppose -28990*b + 29019*b - 377 = 0. Suppose 68 - 328 = -5*o. Calculate the greatest common divisor of b and o.
13
Let k be 4/(-6)*-6 + -1. Suppose -s = -4*p + 85, -2*s - 85 = -k*p + 3*s. Calculate the highest common factor of 50 and p.
10
Let l(t) = -47*t - 2174. Let k be l(-47). Calculate the highest common factor of 22435 and k.
35
Let k(s) = 2*s**2 - 31*s - 43. Let f be k(17). Suppose -5*m - 35 = -4*b + 129, 0 = -b - m + 32. What is the highest common factor of f and b?
4
Suppose 4*b = -f + 27, 2*b + 8 - 4 = -4*f. Calculate the highest common factor of 8 and b.
8
Suppose 1003 - 13 = 11*v. Suppose -13*m + v = -3*m. Calculate the greatest common divisor of m and 27.
9
Let w be (-6)/(180/(-446)) + 6/45. Let r be (3 + 127)*(-3)/(-6). Calculate the greatest common factor of r and w.
5
Let m = 10472 + -9736. What is the greatest common divisor of m and 256?
32
Let v be (-217)/(-31) + -17 + 18785 + -1. Calculate the greatest common factor of 42 and v.
42
Suppose -3*h + 6*h = 18. Suppose 5*m + v - 22 = 0, 5*m - 3*v - 11 = 3. Calculate the greatest common divisor of m and h.
2
Let o = 3517 - 853. Let n be ((-2)/6)/((-37)/o). What is the greatest common divisor of 12 and n?
12
Let v = 3365 + -440. Calculate the greatest common factor of v and 234.
117
Suppose -3*v = 0, 12*i + 2*v - 70 = 7*i - v. Calculate the greatest common factor of 13622 and i.
14
Suppose -264*p - 145 - 8035 = -39596. Suppose 4*f - 33 = -5*v, -1 = 5*v - 6. What is the highest common factor of f and p?
7
Let r be (11359/5 - -1)*10/140*35. Calculate the highest common divisor of 6 and r.
6
Let g = -50 - -74. Let c = -222 + 305. Suppose -c = -5*s + 157. What is the highest common factor of g and s?
24
Suppose 4*h - 12 = -4*q, -4*q = 89*h - 86*h - 9. Suppose 0 = -2*r + 31 + 17. Calculate the highest common divisor of r and h.
3
Let o = -30 + 38. Suppose 3*x + 2*v = 24 - 4, 0 = x + 3*v + 5. Suppose x*f - 1368 = f. Calculate the highest common divisor of o and f.
8
Suppose 28 = -x + 2*g, -2*x - 41 = 2*g - g. Let z be 101 + ((-4)/x - (-39)/(-33)). What is the highest common divisor of z and 25?
25
Let g(t) = -6*t - 275. Let o be g(-48). Let s(i) = 79*i + 21. Let q be s(5). Calculate the greatest common factor of q and o.
13
Let a be 0 - (-1 - 31/1). Suppose -246 = 46*m - 338. What is the greatest common factor of m and a?
2
Suppose -4 = 2*z - 10. Let x(a) = -16*a + 13. Let s be x(4). Let b = s - -84. What is the highest common factor of b and z?
3
Suppose 4*w - 3 = -3*n + 76, 2*w - 43 = -5*n. Suppose w*o + 2 = 78. Suppose 3*i - 9 = u, o*u - 31 = -4*i - u. What is the greatest common factor of i and 8?
4
Let y = 1079 + -839. Let f be ((-1320)/77)/((-4)/70). What is the highest common factor of y and f?
60
Let p be (19 - 20)/((-1 + -1)/(-146)). Let f = 76 + p. Let n(g) = 5*g**2 - 3*g - 6. Let o be n(f). Calculate the highest common divisor of 105 and o.
15
Suppose -18*w + 20*w + h - 26 = 0, -4*w + 58 = 5*h. What is the greatest common divisor of w and 4956?
12
Let z = 144 - 95. Suppose -4*r + 7 = -z. Let i be -3*((-80)/12 - -2). Calculate the greatest common factor of i and r.
14
Let d(c) = -3*c**2 + 210*c + 660. Let x be d(73). What is the greatest common divisor of 13269 and x?
3
Suppose 2*g - 30 - 18 = 0. Suppose 3*f = 4*m + 407, 3*m + 532 = -2*m - 4*f. Let j = m + 128. What is the greatest common factor of j and g?
24
Let n(s) = -s**3 + 5*s**2 + 67*s + 98. Let m be n(-14). What is the highest common factor of 84 and m?
28
Let i(j) = -92*j + 1671. Let s be i(18). Calculate the highest common divisor of s and 2265.
15
Suppose j + 5*a = -j - 1, -j + 5*a + 22 = 0. Let m be -1 - (-5)/(-1 - -6). Let y be 77 + -3 + -1*(-3 - m). What is the greatest common divisor of j and y?
7
Suppose 531*g = 5*n + 530*g - 155204, 5*n + 6*g = 155176. What is the highest common factor of n and 97?
97
Let i = -11279 + 12185. What is the greatest common divisor of i and 18?
6
Let g(d) = 298*d + 2706. Let t be g(-6). Calculate the highest common factor of 180 and t.
18
Suppose -5*i - 987*s = -992*s - 80, 5*s = -40. Calculate the highest common divisor of 4904 and i.
8
Suppose 2*p + 3*p = 4*r + 4780, p = 2*r + 962. Calculate the highest common divisor of p and 70.
14
Let i = 149 - 214. Let x = -65 - i. Suppose 2*b - 8 = -x. Calculate the greatest common factor of b 